
Let p = 8 - -10. What are the prime factors of p?
2, 3
Suppose 0 = 3*x + 5 + 1. Let g be 6/((-1)/(1/x)). Let t = 8 - g. What are the prime factors of t?
5
Let p = 23 + -16. Let y(i) = 3*i - 8. What are the prime factors of y(p)?
13
Let j(z) = -4*z - 16. Let c(q) = 4*q + 15. Let t(o) = -5*c(o) - 4*j(o). List the prime factors of t(-8).
3, 7
Let c = 13 + -19. What are the prime factors of 204/10 + c/15?
2, 5
Suppose -l - 17 = -3*t + l, 3*t + l = 5. Let a be (5 - t)/(-2 - -3). What are the prime factors of a/1 - (-4 + 4)?
2
Let t(a) = 26*a - 1. List the prime factors of t(1).
5
Let b = 18 - 13. Suppose -6 - 3 = -2*y + 3*r, 5*r = b*y - 35. What are the prime factors of y?
2, 3
Suppose -5*j + 26 = -q, -4*q = 3*j - 4 - 7. Suppose j*k - 3*k - 32 = 0. List the prime factors of k.
2
Let x(q) = q - 77. Let l be x(0). Let a = l - -168. Suppose -5*d - m + 17 = -71, -5*d + a = 2*m. List the prime factors of d.
17
Let x(z) = -8*z - 20. List the prime factors of x(-9).
2, 13
Let j(g) = -g + 5. Let h be j(3). Suppose 0 = -r - r - 3*o + 3, -4*r - 2*o = -2. Suppose -3*f - h*f + 100 = r. What are the prime factors of f?
2, 5
Suppose -5 = -2*m + 15. Let k = m + -3. What are the prime factors of k?
7
Let h be (-4)/6*3*-10. Suppose -23 = -w + h. What are the prime factors of w?
43
Suppose -5*f + 26 = 6. Suppose f*b = -b - 5. What are the prime factors of -2 + (1 - b) - -4?
2
Let s be ((-1)/2)/((-5)/30). Let z = s + -1. Suppose y - 5*p = 13, -z*y + y + p = -5. List the prime factors of y.
3
Let l(x) = -3*x + 8. Let p be l(-12). Let v = -23 + p. What are the prime factors of v?
3, 7
Let m be (-3)/(-6)*1*2. Let r be 6 - 7 - -5*m. What are the prime factors of r/5*(-15)/(-2)?
2, 3
Suppose 5 = -2*w - 3. Let x be (-1)/2 - (-118)/w. List the prime factors of (-2)/7 + x/(-7).
2
What are the prime factors of 1 - (-4 + (-1 - -2))?
2
Let k = -68 - -244. List the prime factors of k.
2, 11
Let r(n) = -17*n + 14. What are the prime factors of r(-3)?
5, 13
Let t(f) = -f. Let c be t(-3). Let o(h) = 2*h**3 + 2 - h**c + 3*h**2 - 12*h**2 - 10*h. List the prime factors of o(10).
2
Suppose 25 = 4*f + f. Let k = -2 + f. What are the prime factors of k?
3
Let w(b) = 79*b**2 - 2*b. What are the prime factors of w(1)?
7, 11
Suppose -99 - 1 = -2*n + 2*a, -277 = -5*n - 4*a. What are the prime factors of n?
53
Let w be 4 + -1 + (-6)/(-3). Suppose -w*a - 4*j + 97 = -22, 4*j = 3*a - 65. What are the prime factors of a?
23
Let d = -58 - -103. Let c = d + -26. List the prime factors of c.
19
Let k be ((-4)/10)/(2/10). Let o(h) be the first derivative of h**3/3 + h**2 + 3*h + 4. List the prime factors of o(k).
3
Let w(g) = -5*g**2 + 3*g**2 + 5*g - 4*g + 3*g**2. Let i(v) = 3*v**2 + v + 5. Let c(m) = -i(m) + 4*w(m). List the prime factors of c(-6).
13
Let q(f) = -f + 5. Let w(s) = -3*s + 7. Let r be w(5). Let h be 54/(-8) - 6/r. List the prime factors of q(h).
11
Let i(v) = v**2 + 5*v - 10. What are the prime factors of i(7)?
2, 37
Suppose -26*t + 84 = -22*t. List the prime factors of t.
3, 7
Let k(z) = -z**2 + 6*z - 5. Let a be k(4). Suppose -a*j = -j + 3*y - 8, -2*j - 2*y + 8 = 0. What are the prime factors of j?
2
Suppose 4*o - 3*v - 33 = 0, 2*o - 5*o = -5*v - 11. Let d = 6 - o. What are the prime factors of (1 - -11)*(-2)/d?
2
What are the prime factors of (-10 - -11)*110/1?
2, 5, 11
Suppose -n + 20 = -0*n. Suppose u + 4*u = n. Suppose -5*k + 5*c + 85 = 0, -37 - 18 = -3*k + u*c. List the prime factors of k.
13
Suppose o = 5*r - 3*o - 63, -3*r - 5*o + 23 = 0. Let q = 22 - r. What are the prime factors of q?
11
Suppose -4*z + 7*z + 1 = 5*d, -8 = -4*z + 2*d. Let f be 62/(-8) - z/12. List the prime factors of (45/(-6))/(6/f).
2, 5
Let n(s) = -s**3 + 12*s**2 - 3*s - 7. List the prime factors of n(5).
3, 17
Suppose 4*p + 5*r - 1508 = 0, 8*p + 1906 = 13*p + r. What are the prime factors of p?
2, 191
Suppose 0 = -x - 3*m + 39 + 95, -3*x = m - 426. What are the prime factors of x?
11, 13
Let t be (-2)/4*0/(-2). Let a(z) be the second derivative of -z**3/6 + 11*z**2/2 + 7*z. List the prime factors of a(t).
11
Suppose 4*k = -8, b + 4*k + 3 + 2 = 0. Suppose -b*x - 3*w + 10 = -2*x, -3*x - 2*w + 9 = 0. List the prime factors of (x/(-3))/(3/(-18)).
2
Let q(y) = 2*y - 5. Let w = 13 - 5. Let o(x) = -x**2 + 9*x - 4. Let u be o(w). List the prime factors of q(u).
3
Let w(s) = -3*s + 3*s - 4*s - 6. List the prime factors of w(-4).
2, 5
Suppose 4*c + 71 + 21 = 0. Let j = c + 30. What are the prime factors of j?
7
Suppose 4*c + 1 = 3*c. Let o(a) = 7*a**2 + a + 2. Let r(x) = -8*x**2 - 2*x - 3. Let u(h) = 4*o(h) + 3*r(h). What are the prime factors of u(c)?
5
Suppose 8*j - 12*j - 8 = 0. Let c(u) = -19*u - 4. What are the prime factors of c(j)?
2, 17
Let m = 90 - 37. List the prime factors of m.
53
Suppose -2*x + 76 = -94. List the prime factors of x.
5, 17
Let n(f) = 66*f - 44. What are the prime factors of n(4)?
2, 5, 11
Let s = -9 - -13. Let n = 7 - s. Suppose -t + 0*g = -2*g - 12, -3*t = -n*g - 33. What are the prime factors of t?
2, 5
Suppose -1781 = -16*p + 3*p. List the prime factors of p.
137
Let a = 58 - 32. Suppose -a - 16 = -3*c + 5*y, 3*c - 36 = 3*y. List the prime factors of c.
3
Suppose -4*l + 3*l + 23 = a, 3*a + l = 65. List the prime factors of a.
3, 7
Let u be (-1 + -2)*-2*-1. List the prime factors of (-858)/(-30) - u/15.
29
Suppose c - 1 = -3*b + 4, b = 5*c - 25. Suppose c*v = -6 + 16. Suppose -v*p = 2*p - 8. What are the prime factors of p?
2
Let t be (6/(-2))/((-7)/42). Let s = -4 + t. What are the prime factors of s?
2, 7
Suppose -25 = 5*m - 260. Suppose -5*u + 4*z + m = 0, -4 = -u - z - 0. List the prime factors of u.
7
Let o(k) = 7*k - 6. What are the prime factors of o(5)?
29
What are the prime factors of 636/30*(19 - -1)?
2, 53
Let b(n) = 57*n - 2. Let s be b(1). Let l = -27 + s. What are the prime factors of l?
2, 7
Suppose l + 1 = -0*l. What are the prime factors of 6 - 6 - (-28 + l)?
29
Let z = -1 - -4. List the prime factors of (1 - 0)*(z - -2).
5
Let k(h) = -1 + 6 + 2 - h. List the prime factors of k(-6).
13
Suppose -28 = -a - 3*a. Let w = a + -12. Let c(n) = -2*n - 7. List the prime factors of c(w).
3
Suppose 0 = -3*b + 5*x - 135, -73 = b - 2*x - 27. Let i = -19 - b. List the prime factors of i.
3, 7
Let l = 7 + 3. Let a = l + 6. What are the prime factors of a?
2
Let f = -47 + 68. What are the prime factors of f?
3, 7
Let f(z) = 11*z**2 - 8*z + 11. List the prime factors of f(3).
2, 43
Suppose 0 = -t + 4 + 4. What are the prime factors of t?
2
Suppose -4*b - b = 0. Suppose 5*p - 3*n - n = -3, 3*p + 2*n - 7 = b. List the prime factors of 1 - ((0 - 3) + p).
3
Suppose -4*m + 3*m = 4*v + 40, v = -4*m - 25. Suppose 0 = -2*z - 4*c - 22, 2*c + 50 = -2*z + 5*c. Let i = v - z. What are the prime factors of i?
2, 5
Let u(z) = z**3 - 17*z**2 + z + 19. List the prime factors of u(17).
2, 3
Let r(m) = 8*m**2 - 2*m - 1. Let k be r(-1). Suppose 0*p + p - k = 0. What are the prime factors of p?
3
Let m(d) = 42*d**3 + d - 1. Suppose -l = -1 - 0. What are the prime factors of m(l)?
2, 3, 7
Let o = -44 + 88. What are the prime factors of (-4)/(-22) - (-300)/o?
7
Let y = -14 + 34. List the prime factors of y.
2, 5
Suppose 9 + 0 = 3*x. List the prime factors of x.
3
Let c = 0 + 3. List the prime factors of (6/(-15))/(c/(-30)).
2
Suppose 8*a = 3*a + 15. Let k(l) = l**2 + l - 2. Let p be k(a). Let i = -3 + p. What are the prime factors of i?
7
Let z(k) = 3*k**2 - 8*k + 4. Let i be z(6). Suppose 7*r - 5*r - 38 = 0. Suppose 3*l = -5*j + 25, 2*j + r + i = 5*l. List the prime factors of l.
3, 5
Let c = 154 + -35. What are the prime factors of c?
7, 17
Let o = 3 + 4. Let k = o + 8. List the prime factors of k.
3, 5
Let d = -9 - -49. List the prime factors of d.
2, 5
Let s be (-3 - -6)*(-4)/6. Let d(g) = g**2 + g - 2. Let t be d(s). Suppose t = -0*l - l + 3. List the prime factors of l.
3
Let d(t) = -t**3 + 7*t**2 + t - 2. Let z be d(7). Suppose 2*s = -4*g + 86, z*g - 18 - 87 = -3*s. What are the prime factors of g?
2, 3
Let u(l) = -l + 15. Let b be ((-1)/3)/((-2)/42). What are the prime factors of u(b)?
2
What are the prime factors of (-1188)/(-24)*(-4)/(-3)?
2, 3, 11
Suppose -m = 2*m - 6. What are the prime factors of (4 - m)/((-3)/(-6))?
2
Let o(q) = 18*q**2 - q + 1. Let y be o(1). List the prime factors of